{"id":32,"date":"2025-01-31T08:17:17","date_gmt":"2025-01-31T14:17:17","guid":{"rendered":"https:\/\/beleza.artereciclada.com.br\/?page_id=32"},"modified":"2025-02-14T16:31:52","modified_gmt":"2025-02-14T19:31:52","slug":"sobre","status":"publish","type":"page","link":"https:\/\/beleza.artereciclada.com.br\/it\/sobre\/","title":{"rendered":"Chi siamo"},"content":{"rendered":"<p>Benvenuti a Beleza Arte!<\/p>\n\n\n\n<h3 class=\"wp-block-heading\">Chi siamo<\/h3>\n\n\n\n<p>In <strong>Arte della bellezza<\/strong>Crediamo che la vera bellezza risieda nei dettagli e nella semplicit\u00e0 della vita quotidiana. La nostra piattaforma \u00e8 nata dalla passione per il mondo della bellezza, portando consigli, ispirazioni e tendenze affinch\u00e9 ognuno possa enfatizzare la propria essenza e sentirsi sicuro della propria pelle.<\/p>\n\n\n\n<h3 class=\"wp-block-heading\">La nostra missione<\/h3>\n\n\n\n<p>La nostra missione \u00e8 condividere le conoscenze sulla bellezza, il trucco e la cura della persona in modo accessibile e autentico. Vogliamo responsabilizzare le persone di tutte le et\u00e0, aiutandole a scoprire il loro stile, a valorizzare la loro naturalezza e a esprimersi attraverso la bellezza, sempre con autostima e benessere.<\/p>\n\n\n\n<h3 class=\"wp-block-heading\">Cosa facciamo<\/h3>\n\n\n\n<p>Qui a <strong>Arte della bellezza<\/strong>Offriamo un'ampia gamma di contenuti, tra cui tutorial di make-up, consigli per la cura della pelle, notizie di bellezza, recensioni di prodotti e molto altro. Ogni articolo \u00e8 pensato per essere utile, pratico e stimolante, per aiutarvi a sfruttare al meglio la vostra bellezza in modo consapevole ed elegante.<\/p>\n\n\n\n<h3 class=\"wp-block-heading\">La nostra visione<\/h3>\n\n\n\n<p>Crediamo che la bellezza vada oltre l'apparenza: sta nel modo in cui ci prendiamo cura di noi stessi, ci esprimiamo e ci sentiamo con noi stessi. La nostra visione \u00e8 quella di creare uno spazio dove gli amanti della bellezza possano imparare, essere ispirati e sentirsi sicuri di far emergere la propria essenza, con autenticit\u00e0 ed equilibrio.<\/p>\n\n\n\n<h3 class=\"wp-block-heading\">Unisciti a noi<\/h3>\n\n\n\n<p>Vi invitiamo a esplorare la nostra piattaforma, a scoprire nuovi consigli di bellezza e ad abbracciare il make-up e la cura di s\u00e9 come forme di espressione e di empowerment. Che vogliate imparare una nuova tecnica di make-up, scoprire prodotti incredibili o semplicemente lasciarvi ispirare, il sito di <strong>Arte della bellezza<\/strong> \u00e8 il posto giusto per voi.<\/p>\n\n\n\n<p><strong>Scoprite l'arte della bellezza e tirate fuori il meglio di voi stessi!<\/strong><\/p>\n\n\n\n<h3 class=\"wp-block-heading\">Informazioni di contatto<\/h3>\n\n\n\n<p>Se avete domande o volete mettervi in contatto, inviate un'e-mail a <strong><a>contato@artereciclada.com.br<\/a><\/strong>.<\/p>\n\n\n\n<p><strong>Ultimo aggiornamento: 14 novembre 202<\/strong>5<\/p>","protected":false},"excerpt":{"rendered":"<p>Bem vindo ao Beleza Arte! Sobre N\u00f3s Na Beleza Arte, acreditamos que a verdadeira beleza est\u00e1 nos detalhes e na simplicidade do dia a dia. Nossa plataforma nasceu da paix\u00e3o pelo universo da beleza, trazendo dicas, inspira\u00e7\u00f5es e tend\u00eancias para que todos possam real\u00e7ar sua pr\u00f3pria ess\u00eancia e se sentir confiantes em sua pele. Nossa [&hellip;]<\/p>","protected":false},"author":4,"featured_media":0,"parent":0,"menu_order":0,"comment_status":"closed","ping_status":"closed","template":"","meta":{"footnotes":""},"class_list":["post-32","page","type-page","status-publish","hentry"],"blocksy_meta":[],"_links":{"self":[{"href":"https:\/\/beleza.artereciclada.com.br\/it\/wp-json\/wp\/v2\/pages\/32","targetHints":{"allow":["GET"]}}],"collection":[{"href":"https:\/\/beleza.artereciclada.com.br\/it\/wp-json\/wp\/v2\/pages"}],"about":[{"href":"https:\/\/beleza.artereciclada.com.br\/it\/wp-json\/wp\/v2\/types\/page"}],"author":[{"embeddable":true,"href":"https:\/\/beleza.artereciclada.com.br\/it\/wp-json\/wp\/v2\/users\/4"}],"replies":[{"embeddable":true,"href":"https:\/\/beleza.artereciclada.com.br\/it\/wp-json\/wp\/v2\/comments?post=32"}],"version-history":[{"count":3,"href":"https:\/\/beleza.artereciclada.com.br\/it\/wp-json\/wp\/v2\/pages\/32\/revisions"}],"predecessor-version":[{"id":212,"href":"https:\/\/beleza.artereciclada.com.br\/it\/wp-json\/wp\/v2\/pages\/32\/revisions\/212"}],"wp:attachment":[{"href":"https:\/\/beleza.artereciclada.com.br\/it\/wp-json\/wp\/v2\/media?parent=32"}],"curies":[{"name":"wp","href":"https:\/\/api.w.org\/{rel}","templated":true}]}}

<p>Benvenuti a Beleza Arte!</p>



<h3 class="wp-block-heading">Chi siamo</h3>



<p>In <strong>Arte della bellezza</strong>Crediamo che la vera bellezza risieda nei dettagli e nella semplicità della vita quotidiana. La nostra piattaforma è nata dalla passione per il mondo della bellezza, portando consigli, ispirazioni e tendenze affinché ognuno possa enfatizzare la propria essenza e sentirsi sicuro della propria pelle.</p>



<h3 class="wp-block-heading">La nostra missione</h3>



<p>La nostra missione è condividere le conoscenze sulla bellezza, il trucco e la cura della persona in modo accessibile e autentico. Vogliamo responsabilizzare le persone di tutte le età, aiutandole a scoprire il loro stile, a valorizzare la loro naturalezza e a esprimersi attraverso la bellezza, sempre con autostima e benessere.</p>



<h3 class="wp-block-heading">Cosa facciamo</h3>



<p>Qui a <strong>Arte della bellezza</strong>Offriamo un'ampia gamma di contenuti, tra cui tutorial di make-up, consigli per la cura della pelle, notizie di bellezza, recensioni di prodotti e molto altro. Ogni articolo è pensato per essere utile, pratico e stimolante, per aiutarvi a sfruttare al meglio la vostra bellezza in modo consapevole ed elegante.</p>



<h3 class="wp-block-heading">La nostra visione</h3>



<p>Crediamo che la bellezza vada oltre l'apparenza: sta nel modo in cui ci prendiamo cura di noi stessi, ci esprimiamo e ci sentiamo con noi stessi. La nostra visione è quella di creare uno spazio dove gli amanti della bellezza possano imparare, essere ispirati e sentirsi sicuri di far emergere la propria essenza, con autenticità ed equilibrio.</p>



<h3 class="wp-block-heading">Unisciti a noi</h3>



<p>Vi invitiamo a esplorare la nostra piattaforma, a scoprire nuovi consigli di bellezza e ad abbracciare il make-up e la cura di sé come forme di espressione e di empowerment. Che vogliate imparare una nuova tecnica di make-up, scoprire prodotti incredibili o semplicemente lasciarvi ispirare, il sito di <strong>Arte della bellezza</strong> è il posto giusto per voi.</p>



<p><strong>Scoprite l'arte della bellezza e tirate fuori il meglio di voi stessi!</strong></p>



<h3 class="wp-block-heading">Informazioni di contatto</h3>



<p>Se avete domande o volete mettervi in contatto, inviate un'e-mail a <strong><a>contato@artereciclada.com.br</a></strong>.</p>



<p><strong>Ultimo aggiornamento: 14 novembre 202</strong>5</p>

<p>Bem vindo ao Beleza Arte! Sobre Nós Na Beleza Arte, acreditamos que a verdadeira beleza está nos detalhes e na simplicidade do dia a dia. Nossa plataforma nasceu da paixão pelo universo da beleza, trazendo dicas, inspirações e tendências para que todos possam realçar sua própria essência e se sentir confiantes em sua pele. Nossa [&hellip;]</p>
