{"id":28,"date":"2025-01-31T07:59:31","date_gmt":"2025-01-31T13:59:31","guid":{"rendered":"https:\/\/beleza.artereciclada.com.br\/?page_id=28"},"modified":"2025-02-14T17:20:55","modified_gmt":"2025-02-14T20:20:55","slug":"contato","status":"publish","type":"page","link":"https:\/\/beleza.artereciclada.com.br\/fr\/contato\/","title":{"rendered":"Contact"},"content":{"rendered":"<p>Bonjour \ud83d\ude0a Vous souhaitez nous contacter ? Nous sommes l\u00e0 pour vous aider. Prenez contact avec nous via nos canaux :<\/p>\n\n\n\n<p><strong>E-mail :<\/strong> <a>contato@artereciclada.com.br<\/a><\/p>\n\n\n\n<p><strong>Heures d'ouverture :<\/strong> Du lundi au vendredi, de 8h \u00e0 17h.<\/p>\n\n\n\n<p>Envoyez-nous votre message et nous vous r\u00e9pondrons dans les plus brefs d\u00e9lais. Ensemble, nous pouvons faire la diff\u00e9rence dans le monde de la beaut\u00e9 ! \ud83d\udc84\ud83c\udf1f<\/p>","protected":false},"excerpt":{"rendered":"<p>Ol\u00e1! \ud83d\ude0a Precisa entrar em contato conosco? Estamos aqui para ajudar. Entre em contato pelos nossos canais: E-mail: contato@artereciclada.com.br Hor\u00e1rio de Atendimento: Segunda a Sexta, das 8h \u00e0s 17h. Envie sua mensagem e responderemos o mais breve poss\u00edvel. Juntos, podemos fazer a diferen\u00e7a no universo da beleza! \ud83d\udc84\ud83c\udf1f<\/p>","protected":false},"author":4,"featured_media":0,"parent":0,"menu_order":0,"comment_status":"closed","ping_status":"closed","template":"","meta":{"footnotes":""},"class_list":["post-28","page","type-page","status-publish","hentry"],"blocksy_meta":[],"_links":{"self":[{"href":"https:\/\/beleza.artereciclada.com.br\/fr\/wp-json\/wp\/v2\/pages\/28","targetHints":{"allow":["GET"]}}],"collection":[{"href":"https:\/\/beleza.artereciclada.com.br\/fr\/wp-json\/wp\/v2\/pages"}],"about":[{"href":"https:\/\/beleza.artereciclada.com.br\/fr\/wp-json\/wp\/v2\/types\/page"}],"author":[{"embeddable":true,"href":"https:\/\/beleza.artereciclada.com.br\/fr\/wp-json\/wp\/v2\/users\/4"}],"replies":[{"embeddable":true,"href":"https:\/\/beleza.artereciclada.com.br\/fr\/wp-json\/wp\/v2\/comments?post=28"}],"version-history":[{"count":3,"href":"https:\/\/beleza.artereciclada.com.br\/fr\/wp-json\/wp\/v2\/pages\/28\/revisions"}],"predecessor-version":[{"id":247,"href":"https:\/\/beleza.artereciclada.com.br\/fr\/wp-json\/wp\/v2\/pages\/28\/revisions\/247"}],"wp:attachment":[{"href":"https:\/\/beleza.artereciclada.com.br\/fr\/wp-json\/wp\/v2\/media?parent=28"}],"curies":[{"name":"wp","href":"https:\/\/api.w.org\/{rel}","templated":true}]}}

<p>Bonjour 😊 Vous souhaitez nous contacter ? Nous sommes là pour vous aider. Prenez contact avec nous via nos canaux :</p>



<p><strong>E-mail :</strong> <a>contato@artereciclada.com.br</a></p>



<p><strong>Heures d'ouverture :</strong> Du lundi au vendredi, de 8h à 17h.</p>



<p>Envoyez-nous votre message et nous vous répondrons dans les plus brefs délais. Ensemble, nous pouvons faire la différence dans le monde de la beauté ! 💄🌟</p>

<p>Olá! 😊 Precisa entrar em contato conosco? Estamos aqui para ajudar. Entre em contato pelos nossos canais: E-mail: contato@artereciclada.com.br Horário de Atendimento: Segunda a Sexta, das 8h às 17h. Envie sua mensagem e responderemos o mais breve possível. Juntos, podemos fazer a diferença no universo da beleza! 💄🌟</p>
