{"id":32,"date":"2025-01-31T08:17:17","date_gmt":"2025-01-31T14:17:17","guid":{"rendered":"https:\/\/beleza.artereciclada.com.br\/?page_id=32"},"modified":"2025-02-14T16:31:52","modified_gmt":"2025-02-14T19:31:52","slug":"sobre","status":"publish","type":"page","link":"https:\/\/beleza.artereciclada.com.br\/es\/sobre\/","title":{"rendered":"Qui\u00e9nes somos"},"content":{"rendered":"<p>\u00a1Bienvenido a Beleza Arte!<\/p>\n\n\n\n<h3 class=\"wp-block-heading\">Qui\u00e9nes somos<\/h3>\n\n\n\n<p>En <strong>Arte de la belleza<\/strong>Creemos que la verdadera belleza reside en los detalles y la sencillez del d\u00eda a d\u00eda. Nuestra plataforma naci\u00f3 de la pasi\u00f3n por el mundo de la belleza, aportando consejos, inspiraci\u00f3n y tendencias para que todo el mundo pueda resaltar su propia esencia y sentirse seguro en su piel.<\/p>\n\n\n\n<h3 class=\"wp-block-heading\">Nuestra misi\u00f3n<\/h3>\n\n\n\n<p>Nuestra misi\u00f3n es compartir conocimientos sobre belleza, maquillaje y cuidado personal de forma accesible y aut\u00e9ntica. Queremos empoderar a personas de todas las edades, ayud\u00e1ndolas a descubrir su estilo, valorar su naturalidad y expresarse a trav\u00e9s de la belleza, siempre con autoestima y bienestar.<\/p>\n\n\n\n<h3 class=\"wp-block-heading\">Qu\u00e9 hacemos<\/h3>\n\n\n\n<p>Aqu\u00ed en <strong>Arte de la belleza<\/strong>Ofrecemos una amplia gama de contenidos, como tutoriales de maquillaje, consejos para el cuidado de la piel, noticias de belleza, rese\u00f1as de productos y mucho m\u00e1s. Cada art\u00edculo est\u00e1 dise\u00f1ado para ser \u00fatil, pr\u00e1ctico e inspirador, ayud\u00e1ndote a sacar el m\u00e1ximo partido a tu belleza de forma consciente y con estilo.<\/p>\n\n\n\n<h3 class=\"wp-block-heading\">Nuestra visi\u00f3n<\/h3>\n\n\n\n<p>Creemos que la belleza va m\u00e1s all\u00e1 de la apariencia: reside en la forma en que nos cuidamos, nos expresamos y nos sentimos con nosotros mismos. Nuestra visi\u00f3n es crear un espacio donde los amantes de la belleza puedan aprender, inspirarse y sentirse seguros para sacar a relucir su propia esencia, con autenticidad y equilibrio.<\/p>\n\n\n\n<h3 class=\"wp-block-heading\">\u00danete a nosotros<\/h3>\n\n\n\n<p>Te invitamos a explorar nuestra plataforma, descubrir nuevos trucos de belleza y adoptar el maquillaje y el cuidado personal como formas de expresi\u00f3n y empoderamiento. Tanto si quieres aprender una nueva t\u00e9cnica de maquillaje, descubrir productos incre\u00edbles o simplemente inspirarte, la <strong>Arte de la belleza<\/strong> es el lugar adecuado para usted.<\/p>\n\n\n\n<p><strong>Descubra el arte de la belleza y saque lo mejor de s\u00ed mismo.<\/strong><\/p>\n\n\n\n<h3 class=\"wp-block-heading\">Informaci\u00f3n de contacto<\/h3>\n\n\n\n<p>Si tiene alguna pregunta o desea ponerse en contacto, env\u00ede un correo electr\u00f3nico a <strong><a>contato@artereciclada.com.br<\/a><\/strong>.<\/p>\n\n\n\n<p><strong>\u00daltima actualizaci\u00f3n: 14 de noviembre de 202<\/strong>5<\/p>","protected":false},"excerpt":{"rendered":"<p>Bem vindo ao Beleza Arte! Sobre N\u00f3s Na Beleza Arte, acreditamos que a verdadeira beleza est\u00e1 nos detalhes e na simplicidade do dia a dia. Nossa plataforma nasceu da paix\u00e3o pelo universo da beleza, trazendo dicas, inspira\u00e7\u00f5es e tend\u00eancias para que todos possam real\u00e7ar sua pr\u00f3pria ess\u00eancia e se sentir confiantes em sua pele. Nossa [&hellip;]<\/p>","protected":false},"author":4,"featured_media":0,"parent":0,"menu_order":0,"comment_status":"closed","ping_status":"closed","template":"","meta":{"footnotes":""},"class_list":["post-32","page","type-page","status-publish","hentry"],"blocksy_meta":[],"_links":{"self":[{"href":"https:\/\/beleza.artereciclada.com.br\/es\/wp-json\/wp\/v2\/pages\/32","targetHints":{"allow":["GET"]}}],"collection":[{"href":"https:\/\/beleza.artereciclada.com.br\/es\/wp-json\/wp\/v2\/pages"}],"about":[{"href":"https:\/\/beleza.artereciclada.com.br\/es\/wp-json\/wp\/v2\/types\/page"}],"author":[{"embeddable":true,"href":"https:\/\/beleza.artereciclada.com.br\/es\/wp-json\/wp\/v2\/users\/4"}],"replies":[{"embeddable":true,"href":"https:\/\/beleza.artereciclada.com.br\/es\/wp-json\/wp\/v2\/comments?post=32"}],"version-history":[{"count":3,"href":"https:\/\/beleza.artereciclada.com.br\/es\/wp-json\/wp\/v2\/pages\/32\/revisions"}],"predecessor-version":[{"id":212,"href":"https:\/\/beleza.artereciclada.com.br\/es\/wp-json\/wp\/v2\/pages\/32\/revisions\/212"}],"wp:attachment":[{"href":"https:\/\/beleza.artereciclada.com.br\/es\/wp-json\/wp\/v2\/media?parent=32"}],"curies":[{"name":"wp","href":"https:\/\/api.w.org\/{rel}","templated":true}]}}

Quiénes somos

<p>¡Bienvenido a Beleza Arte!</p>



<h3 class="wp-block-heading">Quiénes somos</h3>



<p>En <strong>Arte de la belleza</strong>Creemos que la verdadera belleza reside en los detalles y la sencillez del día a día. Nuestra plataforma nació de la pasión por el mundo de la belleza, aportando consejos, inspiración y tendencias para que todo el mundo pueda resaltar su propia esencia y sentirse seguro en su piel.</p>



<h3 class="wp-block-heading">Nuestra misión</h3>



<p>Nuestra misión es compartir conocimientos sobre belleza, maquillaje y cuidado personal de forma accesible y auténtica. Queremos empoderar a personas de todas las edades, ayudándolas a descubrir su estilo, valorar su naturalidad y expresarse a través de la belleza, siempre con autoestima y bienestar.</p>



<h3 class="wp-block-heading">Qué hacemos</h3>



<p>Aquí en <strong>Arte de la belleza</strong>Ofrecemos una amplia gama de contenidos, como tutoriales de maquillaje, consejos para el cuidado de la piel, noticias de belleza, reseñas de productos y mucho más. Cada artículo está diseñado para ser útil, práctico e inspirador, ayudándote a sacar el máximo partido a tu belleza de forma consciente y con estilo.</p>



<h3 class="wp-block-heading">Nuestra visión</h3>



<p>Creemos que la belleza va más allá de la apariencia: reside en la forma en que nos cuidamos, nos expresamos y nos sentimos con nosotros mismos. Nuestra visión es crear un espacio donde los amantes de la belleza puedan aprender, inspirarse y sentirse seguros para sacar a relucir su propia esencia, con autenticidad y equilibrio.</p>



<h3 class="wp-block-heading">Únete a nosotros</h3>



<p>Te invitamos a explorar nuestra plataforma, descubrir nuevos trucos de belleza y adoptar el maquillaje y el cuidado personal como formas de expresión y empoderamiento. Tanto si quieres aprender una nueva técnica de maquillaje, descubrir productos increíbles o simplemente inspirarte, la <strong>Arte de la belleza</strong> es el lugar adecuado para usted.</p>



<p><strong>Descubra el arte de la belleza y saque lo mejor de sí mismo.</strong></p>



<h3 class="wp-block-heading">Información de contacto</h3>



<p>Si tiene alguna pregunta o desea ponerse en contacto, envíe un correo electrónico a <strong><a>contato@artereciclada.com.br</a></strong>.</p>



<p><strong>Última actualización: 14 de noviembre de 202</strong>5</p>

<p>Bem vindo ao Beleza Arte! Sobre Nós Na Beleza Arte, acreditamos que a verdadeira beleza está nos detalhes e na simplicidade do dia a dia. Nossa plataforma nasceu da paixão pelo universo da beleza, trazendo dicas, inspirações e tendências para que todos possam realçar sua própria essência e se sentir confiantes em sua pele. Nossa [&hellip;]</p>
