{"id":3,"date":"2025-01-24T01:50:31","date_gmt":"2025-01-24T04:50:31","guid":{"rendered":"https:\/\/beleza.artereciclada.com.br\/?page_id=3"},"modified":"2025-02-26T11:38:38","modified_gmt":"2025-02-26T14:38:38","slug":"politica-de-privacidade","status":"publish","type":"page","link":"https:\/\/beleza.artereciclada.com.br\/es\/politica-de-privacidade\/","title":{"rendered":"Pol\u00edtica de privacidad"},"content":{"rendered":"<p><span style=\"color: rgb(68, 68, 68);\">Su privacidad es importante para nosotros. Es pol\u00edtica de Beleza Arte respetar su privacidad con respecto a cualquier informaci\u00f3n que podamos recopilar de usted a trav\u00e9s de nuestro sitio web <a href=\"https:\/\/beleza.artereciclada.com.br\/es\/\">Arte de la belleza<\/a>y otros sitios que poseemos y gestionamos.<\/span><\/p>\n\n\n\n<p><span style=\"color: rgb(68, 68, 68);\">S\u00f3lo solicitamos informaci\u00f3n personal cuando realmente la necesitamos para prestarle un servicio. Lo hacemos por medios justos y legales, con su conocimiento y consentimiento. Tambi\u00e9n le explicamos por qu\u00e9 la recabamos y c\u00f3mo se utilizar\u00e1.<\/span><\/p>\n\n\n\n<p><span style=\"color: rgb(68, 68, 68);\">S\u00f3lo conservamos la informaci\u00f3n recopilada durante el tiempo necesario para prestar el servicio solicitado. Cuando almacenamos datos, los protegemos con medios comercialmente aceptables para evitar p\u00e9rdidas y robos, as\u00ed como el acceso, la divulgaci\u00f3n, la copia, el uso o la modificaci\u00f3n no autorizados.<\/span><\/p>\n\n\n\n<p><span style=\"color: rgb(68, 68, 68);\">No compartimos informaci\u00f3n personal identificable p\u00fablicamente ni con terceros, excepto cuando lo exige la ley.<\/span><\/p>\n\n\n\n<p><span style=\"color: rgb(68, 68, 68);\">Nuestro sitio web puede contener enlaces a sitios web externos no gestionados por nosotros. Tenga en cuenta que no tenemos ning\u00fan control sobre el contenido y las pr\u00e1cticas de estos sitios y no podemos aceptar ninguna responsabilidad por sus respectivos contenidos.&nbsp;<\/span><a href=\"https:\/\/politicaprivacidade.com\/\" rel=\"noopener noreferrer\" target=\"_blank\" style=\"background-color: transparent; color: rgb(68, 68, 68);\">pol\u00edticas de privacidad<\/a><span style=\"color: rgb(68, 68, 68);\">.<\/span><\/p>\n\n\n\n<p><span style=\"color: rgb(68, 68, 68);\">Usted es libre de rechazar nuestra solicitud de informaci\u00f3n personal entendiendo que es posible que no podamos prestarle algunos de los servicios que necesita.<\/span><\/p>\n\n\n\n<p><span style=\"color: rgb(68, 68, 68);\">Su uso continuado de nuestro sitio web se considerar\u00e1 una aceptaci\u00f3n de nuestras pr\u00e1cticas en torno a la privacidad y la informaci\u00f3n personal. Si tiene alguna pregunta sobre c\u00f3mo tratamos los datos de los usuarios y la informaci\u00f3n personal, p\u00f3ngase en contacto con nosotros.<\/span><\/p>\n\n\n\n<p><span style=\"color: rgb(68, 68, 68);\"><\/span><\/p>\n\n\n\n<ul class=\"wp-block-list\">\n<li><span style=\"color: rgb(68, 68, 68);\">El servicio Google AdSense que utilizamos para publicar anuncios utiliza una cookie de DoubleClick para publicar anuncios m\u00e1s relevantes en la web y limitar el n\u00famero de veces que se le muestra un anuncio concreto.<\/span><\/li>\n\n\n\n<li><span style=\"color: rgb(68, 68, 68);\">Para obtener m\u00e1s informaci\u00f3n sobre Google AdSense, consulte las preguntas frecuentes oficiales sobre privacidad de Google AdSense.<\/span><\/li>\n\n\n\n<li><span style=\"color: rgb(68, 68, 68);\">Utilizamos anuncios para compensar los costes de funcionamiento de este sitio y financiar futuros desarrollos. Las cookies de publicidad comportamental utilizadas por este sitio est\u00e1n dise\u00f1adas para garantizar que se le ofrezcan los anuncios m\u00e1s relevantes siempre que sea posible mediante el seguimiento an\u00f3nimo de sus intereses y la presentaci\u00f3n de cosas similares que puedan ser de su inter\u00e9s.<\/span><\/li>\n\n\n\n<li><span style=\"color: rgb(68, 68, 68);\">Varios socios se anuncian en nuestro nombre y las cookies de seguimiento de afiliados simplemente nos permiten ver si nuestros clientes han accedido al sitio a trav\u00e9s de uno de los sitios de nuestros socios, para que podamos acreditarlos adecuadamente y, en su caso, permitir a nuestros socios afiliados ofrecer cualquier promoci\u00f3n que pueda brindarle la oportunidad de realizar una compra.<\/span><\/li>\n<\/ul>\n\n\n\n<h3 class=\"wp-block-heading\"><span style=\"color: rgb(68, 68, 68);\">Compromiso de los usuarios<\/span><\/h3>\n\n\n\n<p><span style=\"color: rgb(68, 68, 68);\">El usuario se compromete a hacer un uso adecuado de los contenidos e informaciones que Beleza Arte ofrece en el sitio y con car\u00e1cter enunciativo pero no limitativo:<\/span><\/p>\n\n\n\n<ul class=\"wp-block-list\">\n<li><span style=\"color: rgb(68, 68, 68);\">A) No realizar actividades ilegales o contrarias a la buena fe o al orden p\u00fablico;<\/span><\/li>\n\n\n\n<li><span style=\"color: rgb(68, 68, 68);\">B) No difundir propaganda o contenidos racistas o xen\u00f3fobos, <\/span><span style=\"color: rgb(33, 37, 41);\"><a style=\"color:inherit !important; text-decoration: none !important; font-size: inherit !important;\" href=\"https:\/\/166bet.br.com\" target=\"_blank\" rel=\"noopener\">166bet<\/a><\/span><span style=\"color: rgb(68, 68, 68);\"> o juegos de azar, cualquier tipo de pornograf\u00eda ilegal, apolog\u00eda del terrorismo o contra los derechos humanos;<\/span><\/li>\n\n\n\n<li><span style=\"color: rgb(68, 68, 68);\">C) No provocar da\u00f1os en los sistemas f\u00edsicos (hardware) y l\u00f3gicos (software) de Beleza Arte, de sus proveedores o de terceras personas, introducir o difundir en la red virus inform\u00e1ticos o cualesquiera otros sistemas f\u00edsicos o l\u00f3gicos que sean susceptibles de provocar los da\u00f1os anteriormente mencionados.<\/span><\/li>\n<\/ul>\n\n\n\n<h3 class=\"wp-block-heading\"><span style=\"color: rgb(68, 68, 68);\">M\u00e1s informaci\u00f3n<\/span><\/h3>\n\n\n\n<p><span style=\"color: rgb(68, 68, 68);\">Esperemos que esto se haya aclarado y, como se mencion\u00f3 anteriormente, si hay algo que no est\u00e1 seguro de si necesita o no, generalmente es m\u00e1s seguro dejar las cookies habilitadas si interact\u00faa con una de las funciones que utiliza en nuestro sitio.<\/span><\/p>\n\n\n\n<p><span style=\"color: rgb(68, 68, 68);\">Esta pol\u00edtica entra en vigor el 26 de febrero de 2025 11:38<\/span><\/p>","protected":false},"excerpt":{"rendered":"<p>A sua privacidade \u00e9 importante para n\u00f3s. \u00c9 pol\u00edtica do Beleza Arte respeitar a sua privacidade em rela\u00e7\u00e3o a qualquer informa\u00e7\u00e3o sua que possamos coletar no site Beleza Arte, e outros sites que possu\u00edmos e operamos. Solicitamos informa\u00e7\u00f5es pessoais apenas quando realmente precisamos delas para lhe fornecer um servi\u00e7o. Fazemo-lo por meios justos e legais, [&hellip;]<\/p>","protected":false},"author":1,"featured_media":205,"parent":0,"menu_order":0,"comment_status":"closed","ping_status":"closed","template":"","meta":{"footnotes":""},"class_list":["post-3","page","type-page","status-publish","has-post-thumbnail","hentry"],"blocksy_meta":[],"_links":{"self":[{"href":"https:\/\/beleza.artereciclada.com.br\/es\/wp-json\/wp\/v2\/pages\/3","targetHints":{"allow":["GET"]}}],"collection":[{"href":"https:\/\/beleza.artereciclada.com.br\/es\/wp-json\/wp\/v2\/pages"}],"about":[{"href":"https:\/\/beleza.artereciclada.com.br\/es\/wp-json\/wp\/v2\/types\/page"}],"author":[{"embeddable":true,"href":"https:\/\/beleza.artereciclada.com.br\/es\/wp-json\/wp\/v2\/users\/1"}],"replies":[{"embeddable":true,"href":"https:\/\/beleza.artereciclada.com.br\/es\/wp-json\/wp\/v2\/comments?post=3"}],"version-history":[{"count":4,"href":"https:\/\/beleza.artereciclada.com.br\/es\/wp-json\/wp\/v2\/pages\/3\/revisions"}],"predecessor-version":[{"id":262,"href":"https:\/\/beleza.artereciclada.com.br\/es\/wp-json\/wp\/v2\/pages\/3\/revisions\/262"}],"wp:featuredmedia":[{"embeddable":true,"href":"https:\/\/beleza.artereciclada.com.br\/es\/wp-json\/wp\/v2\/media\/205"}],"wp:attachment":[{"href":"https:\/\/beleza.artereciclada.com.br\/es\/wp-json\/wp\/v2\/media?parent=3"}],"curies":[{"name":"wp","href":"https:\/\/api.w.org\/{rel}","templated":true}]}}

Política de privacidad

<p><span style="color: rgb(68, 68, 68);">Su privacidad es importante para nosotros. Es política de Beleza Arte respetar su privacidad con respecto a cualquier información que podamos recopilar de usted a través de nuestro sitio web <a href="https://beleza.artereciclada.com.br/es/">Arte de la belleza</a>y otros sitios que poseemos y gestionamos.</span></p>



<p><span style="color: rgb(68, 68, 68);">Sólo solicitamos información personal cuando realmente la necesitamos para prestarle un servicio. Lo hacemos por medios justos y legales, con su conocimiento y consentimiento. También le explicamos por qué la recabamos y cómo se utilizará.</span></p>



<p><span style="color: rgb(68, 68, 68);">Sólo conservamos la información recopilada durante el tiempo necesario para prestar el servicio solicitado. Cuando almacenamos datos, los protegemos con medios comercialmente aceptables para evitar pérdidas y robos, así como el acceso, la divulgación, la copia, el uso o la modificación no autorizados.</span></p>



<p><span style="color: rgb(68, 68, 68);">No compartimos información personal identificable públicamente ni con terceros, excepto cuando lo exige la ley.</span></p>



<p><span style="color: rgb(68, 68, 68);">Nuestro sitio web puede contener enlaces a sitios web externos no gestionados por nosotros. Tenga en cuenta que no tenemos ningún control sobre el contenido y las prácticas de estos sitios y no podemos aceptar ninguna responsabilidad por sus respectivos contenidos.&nbsp;</span><a href="https://politicaprivacidade.com/" rel="noopener noreferrer" target="_blank" style="background-color: transparent; color: rgb(68, 68, 68);">políticas de privacidad</a><span style="color: rgb(68, 68, 68);">.</span></p>



<p><span style="color: rgb(68, 68, 68);">Usted es libre de rechazar nuestra solicitud de información personal entendiendo que es posible que no podamos prestarle algunos de los servicios que necesita.</span></p>



<p><span style="color: rgb(68, 68, 68);">Su uso continuado de nuestro sitio web se considerará una aceptación de nuestras prácticas en torno a la privacidad y la información personal. Si tiene alguna pregunta sobre cómo tratamos los datos de los usuarios y la información personal, póngase en contacto con nosotros.</span></p>



<p><span style="color: rgb(68, 68, 68);"></span></p>



<ul class="wp-block-list">
<li><span style="color: rgb(68, 68, 68);">El servicio Google AdSense que utilizamos para publicar anuncios utiliza una cookie de DoubleClick para publicar anuncios más relevantes en la web y limitar el número de veces que se le muestra un anuncio concreto.</span></li>



<li><span style="color: rgb(68, 68, 68);">Para obtener más información sobre Google AdSense, consulte las preguntas frecuentes oficiales sobre privacidad de Google AdSense.</span></li>



<li><span style="color: rgb(68, 68, 68);">Utilizamos anuncios para compensar los costes de funcionamiento de este sitio y financiar futuros desarrollos. Las cookies de publicidad comportamental utilizadas por este sitio están diseñadas para garantizar que se le ofrezcan los anuncios más relevantes siempre que sea posible mediante el seguimiento anónimo de sus intereses y la presentación de cosas similares que puedan ser de su interés.</span></li>



<li><span style="color: rgb(68, 68, 68);">Varios socios se anuncian en nuestro nombre y las cookies de seguimiento de afiliados simplemente nos permiten ver si nuestros clientes han accedido al sitio a través de uno de los sitios de nuestros socios, para que podamos acreditarlos adecuadamente y, en su caso, permitir a nuestros socios afiliados ofrecer cualquier promoción que pueda brindarle la oportunidad de realizar una compra.</span></li>
</ul>



<h3 class="wp-block-heading"><span style="color: rgb(68, 68, 68);">Compromiso de los usuarios</span></h3>



<p><span style="color: rgb(68, 68, 68);">El usuario se compromete a hacer un uso adecuado de los contenidos e informaciones que Beleza Arte ofrece en el sitio y con carácter enunciativo pero no limitativo:</span></p>



<ul class="wp-block-list">
<li><span style="color: rgb(68, 68, 68);">A) No realizar actividades ilegales o contrarias a la buena fe o al orden público;</span></li>



<li><span style="color: rgb(68, 68, 68);">B) No difundir propaganda o contenidos racistas o xenófobos, </span><span style="color: rgb(33, 37, 41);"><a style="color:inherit !important; text-decoration: none !important; font-size: inherit !important;" href="https://166bet.br.com" target="_blank" rel="noopener">166bet</a></span><span style="color: rgb(68, 68, 68);"> o juegos de azar, cualquier tipo de pornografía ilegal, apología del terrorismo o contra los derechos humanos;</span></li>



<li><span style="color: rgb(68, 68, 68);">C) No provocar daños en los sistemas físicos (hardware) y lógicos (software) de Beleza Arte, de sus proveedores o de terceras personas, introducir o difundir en la red virus informáticos o cualesquiera otros sistemas físicos o lógicos que sean susceptibles de provocar los daños anteriormente mencionados.</span></li>
</ul>



<h3 class="wp-block-heading"><span style="color: rgb(68, 68, 68);">Más información</span></h3>



<p><span style="color: rgb(68, 68, 68);">Esperemos que esto se haya aclarado y, como se mencionó anteriormente, si hay algo que no está seguro de si necesita o no, generalmente es más seguro dejar las cookies habilitadas si interactúa con una de las funciones que utiliza en nuestro sitio.</span></p>



<p><span style="color: rgb(68, 68, 68);">Esta política entra en vigor el 26 de febrero de 2025 11:38</span></p>

<p>A sua privacidade é importante para nós. É política do Beleza Arte respeitar a sua privacidade em relação a qualquer informação sua que possamos coletar no site Beleza Arte, e outros sites que possuímos e operamos. Solicitamos informações pessoais apenas quando realmente precisamos delas para lhe fornecer um serviço. Fazemo-lo por meios justos e legais, [&hellip;]</p>
