{"id":32,"date":"2025-01-31T08:17:17","date_gmt":"2025-01-31T14:17:17","guid":{"rendered":"https:\/\/beleza.artereciclada.com.br\/?page_id=32"},"modified":"2025-02-14T16:31:52","modified_gmt":"2025-02-14T19:31:52","slug":"sobre","status":"publish","type":"page","link":"https:\/\/beleza.artereciclada.com.br\/de\/sobre\/","title":{"rendered":"\u00dcber uns"},"content":{"rendered":"<p>Willkommen bei Beleza Arte!<\/p>\n\n\n\n<h3 class=\"wp-block-heading\">\u00dcber uns<\/h3>\n\n\n\n<p>Unter <strong>Sch\u00f6nheit Kunst<\/strong>Wir glauben, dass die wahre Sch\u00f6nheit in den Details und der Einfachheit des t\u00e4glichen Lebens liegt. Unsere Plattform wurde aus der Leidenschaft f\u00fcr die Welt der Sch\u00f6nheit geboren und bietet Tipps, Inspiration und Trends, damit jeder seine eigene Essenz betonen und sich in seiner Haut wohlf\u00fchlen kann.<\/p>\n\n\n\n<h3 class=\"wp-block-heading\">Unser Auftrag<\/h3>\n\n\n\n<p>Unsere Mission ist es, Wissen \u00fcber Sch\u00f6nheit, Make-up und K\u00f6rperpflege auf eine zug\u00e4ngliche und authentische Weise zu vermitteln. Wir m\u00f6chten Menschen jeden Alters dabei helfen, ihren Stil zu entdecken, ihre Nat\u00fcrlichkeit zu sch\u00e4tzen und sich durch Sch\u00f6nheit auszudr\u00fccken, immer mit Selbstwertgef\u00fchl und Wohlbefinden.<\/p>\n\n\n\n<h3 class=\"wp-block-heading\">Was wir tun<\/h3>\n\n\n\n<p>Hier bei <strong>Sch\u00f6nheit Kunst<\/strong>Wir bieten ein breites Spektrum an Inhalten, darunter Make-up-Tutorials, Hautpflegetipps, Beauty-News, Produkttests und vieles mehr. Jeder Artikel ist so gestaltet, dass er n\u00fctzlich, praktisch und inspirierend ist und Ihnen hilft, das Beste aus Ihrer Sch\u00f6nheit zu machen - auf bewusste und stilvolle Weise.<\/p>\n\n\n\n<h3 class=\"wp-block-heading\">Unsere Vision<\/h3>\n\n\n\n<p>Wir glauben, dass Sch\u00f6nheit mehr ist als nur Aussehen - sie liegt in der Art und Weise, wie wir auf uns selbst achten, uns ausdr\u00fccken und uns f\u00fchlen. Unsere Vision ist es, einen Raum zu schaffen, in dem Sch\u00f6nheitsliebhaber lernen, sich inspirieren lassen und sich sicher f\u00fchlen k\u00f6nnen, ihre eigene Essenz mit Authentizit\u00e4t und Ausgeglichenheit zum Ausdruck zu bringen.<\/p>\n\n\n\n<h3 class=\"wp-block-heading\">Mitmachen<\/h3>\n\n\n\n<p>Wir laden Sie ein, unsere Plattform zu erkunden, neue Sch\u00f6nheitstipps zu entdecken und Make-up und Selbstpflege als Ausdrucksform und St\u00e4rkung zu begreifen. Egal, ob Sie eine neue Schminktechnik erlernen, unglaubliche Produkte entdecken oder sich einfach nur inspirieren lassen m\u00f6chten, die <strong>Sch\u00f6nheit Kunst<\/strong> ist der richtige Ort f\u00fcr Sie.<\/p>\n\n\n\n<p><strong>Entdecken Sie die Kunst der Sch\u00f6nheit und bringen Sie das Beste aus sich heraus!<\/strong><\/p>\n\n\n\n<h3 class=\"wp-block-heading\">Kontaktinformationen<\/h3>\n\n\n\n<p>Wenn Sie Fragen haben oder mit uns in Kontakt treten m\u00f6chten, senden Sie bitte eine E-Mail an <strong><a>contato@artereciclada.com.br<\/a><\/strong>.<\/p>\n\n\n\n<p><strong>Letzte Aktualisierung: 14. November 202<\/strong>5<\/p>","protected":false},"excerpt":{"rendered":"<p>Bem vindo ao Beleza Arte! Sobre N\u00f3s Na Beleza Arte, acreditamos que a verdadeira beleza est\u00e1 nos detalhes e na simplicidade do dia a dia. Nossa plataforma nasceu da paix\u00e3o pelo universo da beleza, trazendo dicas, inspira\u00e7\u00f5es e tend\u00eancias para que todos possam real\u00e7ar sua pr\u00f3pria ess\u00eancia e se sentir confiantes em sua pele. Nossa [&hellip;]<\/p>","protected":false},"author":4,"featured_media":0,"parent":0,"menu_order":0,"comment_status":"closed","ping_status":"closed","template":"","meta":{"footnotes":""},"class_list":["post-32","page","type-page","status-publish","hentry"],"blocksy_meta":[],"_links":{"self":[{"href":"https:\/\/beleza.artereciclada.com.br\/de\/wp-json\/wp\/v2\/pages\/32","targetHints":{"allow":["GET"]}}],"collection":[{"href":"https:\/\/beleza.artereciclada.com.br\/de\/wp-json\/wp\/v2\/pages"}],"about":[{"href":"https:\/\/beleza.artereciclada.com.br\/de\/wp-json\/wp\/v2\/types\/page"}],"author":[{"embeddable":true,"href":"https:\/\/beleza.artereciclada.com.br\/de\/wp-json\/wp\/v2\/users\/4"}],"replies":[{"embeddable":true,"href":"https:\/\/beleza.artereciclada.com.br\/de\/wp-json\/wp\/v2\/comments?post=32"}],"version-history":[{"count":3,"href":"https:\/\/beleza.artereciclada.com.br\/de\/wp-json\/wp\/v2\/pages\/32\/revisions"}],"predecessor-version":[{"id":212,"href":"https:\/\/beleza.artereciclada.com.br\/de\/wp-json\/wp\/v2\/pages\/32\/revisions\/212"}],"wp:attachment":[{"href":"https:\/\/beleza.artereciclada.com.br\/de\/wp-json\/wp\/v2\/media?parent=32"}],"curies":[{"name":"wp","href":"https:\/\/api.w.org\/{rel}","templated":true}]}}

Über uns

<p>Willkommen bei Beleza Arte!</p>



<h3 class="wp-block-heading">Über uns</h3>



<p>Unter <strong>Schönheit Kunst</strong>Wir glauben, dass die wahre Schönheit in den Details und der Einfachheit des täglichen Lebens liegt. Unsere Plattform wurde aus der Leidenschaft für die Welt der Schönheit geboren und bietet Tipps, Inspiration und Trends, damit jeder seine eigene Essenz betonen und sich in seiner Haut wohlfühlen kann.</p>



<h3 class="wp-block-heading">Unser Auftrag</h3>



<p>Unsere Mission ist es, Wissen über Schönheit, Make-up und Körperpflege auf eine zugängliche und authentische Weise zu vermitteln. Wir möchten Menschen jeden Alters dabei helfen, ihren Stil zu entdecken, ihre Natürlichkeit zu schätzen und sich durch Schönheit auszudrücken, immer mit Selbstwertgefühl und Wohlbefinden.</p>



<h3 class="wp-block-heading">Was wir tun</h3>



<p>Hier bei <strong>Schönheit Kunst</strong>Wir bieten ein breites Spektrum an Inhalten, darunter Make-up-Tutorials, Hautpflegetipps, Beauty-News, Produkttests und vieles mehr. Jeder Artikel ist so gestaltet, dass er nützlich, praktisch und inspirierend ist und Ihnen hilft, das Beste aus Ihrer Schönheit zu machen - auf bewusste und stilvolle Weise.</p>



<h3 class="wp-block-heading">Unsere Vision</h3>



<p>Wir glauben, dass Schönheit mehr ist als nur Aussehen - sie liegt in der Art und Weise, wie wir auf uns selbst achten, uns ausdrücken und uns fühlen. Unsere Vision ist es, einen Raum zu schaffen, in dem Schönheitsliebhaber lernen, sich inspirieren lassen und sich sicher fühlen können, ihre eigene Essenz mit Authentizität und Ausgeglichenheit zum Ausdruck zu bringen.</p>



<h3 class="wp-block-heading">Mitmachen</h3>



<p>Wir laden Sie ein, unsere Plattform zu erkunden, neue Schönheitstipps zu entdecken und Make-up und Selbstpflege als Ausdrucksform und Stärkung zu begreifen. Egal, ob Sie eine neue Schminktechnik erlernen, unglaubliche Produkte entdecken oder sich einfach nur inspirieren lassen möchten, die <strong>Schönheit Kunst</strong> ist der richtige Ort für Sie.</p>



<p><strong>Entdecken Sie die Kunst der Schönheit und bringen Sie das Beste aus sich heraus!</strong></p>



<h3 class="wp-block-heading">Kontaktinformationen</h3>



<p>Wenn Sie Fragen haben oder mit uns in Kontakt treten möchten, senden Sie bitte eine E-Mail an <strong><a>contato@artereciclada.com.br</a></strong>.</p>



<p><strong>Letzte Aktualisierung: 14. November 202</strong>5</p>

<p>Bem vindo ao Beleza Arte! Sobre Nós Na Beleza Arte, acreditamos que a verdadeira beleza está nos detalhes e na simplicidade do dia a dia. Nossa plataforma nasceu da paixão pelo universo da beleza, trazendo dicas, inspirações e tendências para que todos possam realçar sua própria essência e se sentir confiantes em sua pele. Nossa [&hellip;]</p>
