{"id":28,"date":"2025-01-31T07:59:31","date_gmt":"2025-01-31T13:59:31","guid":{"rendered":"https:\/\/beleza.artereciclada.com.br\/?page_id=28"},"modified":"2025-02-14T17:20:55","modified_gmt":"2025-02-14T20:20:55","slug":"contato","status":"publish","type":"page","link":"https:\/\/beleza.artereciclada.com.br\/de\/contato\/","title":{"rendered":"Kontakt"},"content":{"rendered":"<p>Hallo! \ud83d\ude0a Sie m\u00f6chten mit uns in Kontakt treten? Wir sind f\u00fcr Sie da. Nehmen Sie Kontakt \u00fcber unsere Kan\u00e4le auf:<\/p>\n\n\n\n<p><strong>E-Mail:<\/strong> <a>contato@artereciclada.com.br<\/a><\/p>\n\n\n\n<p><strong>\u00d6ffnungszeiten:<\/strong> Montag bis Freitag, 8 Uhr bis 17 Uhr.<\/p>\n\n\n\n<p>Schicken Sie uns Ihre Nachricht und wir werden uns so schnell wie m\u00f6glich bei Ihnen melden. Gemeinsam k\u00f6nnen wir in der Welt der Sch\u00f6nheit etwas bewirken! \ud83d\udc84\ud83c\udf1f<\/p>","protected":false},"excerpt":{"rendered":"<p>Ol\u00e1! \ud83d\ude0a Precisa entrar em contato conosco? Estamos aqui para ajudar. Entre em contato pelos nossos canais: E-mail: contato@artereciclada.com.br Hor\u00e1rio de Atendimento: Segunda a Sexta, das 8h \u00e0s 17h. Envie sua mensagem e responderemos o mais breve poss\u00edvel. Juntos, podemos fazer a diferen\u00e7a no universo da beleza! \ud83d\udc84\ud83c\udf1f<\/p>","protected":false},"author":4,"featured_media":0,"parent":0,"menu_order":0,"comment_status":"closed","ping_status":"closed","template":"","meta":{"footnotes":""},"class_list":["post-28","page","type-page","status-publish","hentry"],"blocksy_meta":[],"_links":{"self":[{"href":"https:\/\/beleza.artereciclada.com.br\/de\/wp-json\/wp\/v2\/pages\/28","targetHints":{"allow":["GET"]}}],"collection":[{"href":"https:\/\/beleza.artereciclada.com.br\/de\/wp-json\/wp\/v2\/pages"}],"about":[{"href":"https:\/\/beleza.artereciclada.com.br\/de\/wp-json\/wp\/v2\/types\/page"}],"author":[{"embeddable":true,"href":"https:\/\/beleza.artereciclada.com.br\/de\/wp-json\/wp\/v2\/users\/4"}],"replies":[{"embeddable":true,"href":"https:\/\/beleza.artereciclada.com.br\/de\/wp-json\/wp\/v2\/comments?post=28"}],"version-history":[{"count":3,"href":"https:\/\/beleza.artereciclada.com.br\/de\/wp-json\/wp\/v2\/pages\/28\/revisions"}],"predecessor-version":[{"id":247,"href":"https:\/\/beleza.artereciclada.com.br\/de\/wp-json\/wp\/v2\/pages\/28\/revisions\/247"}],"wp:attachment":[{"href":"https:\/\/beleza.artereciclada.com.br\/de\/wp-json\/wp\/v2\/media?parent=28"}],"curies":[{"name":"wp","href":"https:\/\/api.w.org\/{rel}","templated":true}]}}

<p>Hallo! 😊 Sie möchten mit uns in Kontakt treten? Wir sind für Sie da. Nehmen Sie Kontakt über unsere Kanäle auf:</p>



<p><strong>E-Mail:</strong> <a>contato@artereciclada.com.br</a></p>



<p><strong>Öffnungszeiten:</strong> Montag bis Freitag, 8 Uhr bis 17 Uhr.</p>



<p>Schicken Sie uns Ihre Nachricht und wir werden uns so schnell wie möglich bei Ihnen melden. Gemeinsam können wir in der Welt der Schönheit etwas bewirken! 💄🌟</p>

<p>Olá! 😊 Precisa entrar em contato conosco? Estamos aqui para ajudar. Entre em contato pelos nossos canais: E-mail: contato@artereciclada.com.br Horário de Atendimento: Segunda a Sexta, das 8h às 17h. Envie sua mensagem e responderemos o mais breve possível. Juntos, podemos fazer a diferença no universo da beleza! 💄🌟</p>
